t a be t(7). Suppose 3*u = -x + a, 4*x + 0 = -3*u + 446. Suppose -32*h + 1959 = 551. What is the greatest common factor of x and h?
22
Let x = -46 - -172. Let z be (21/27 + (-6)/(-27))*x. Let q be 30 - -4*(2 - -1)/(-6). Calculate the highest common divisor of z and q.
14
Let b be 56/(-4) + 1*3. Let r be b/33*(-19 - -1). Calculate the highest common divisor of r and 6.
6
Let x(n) = -n**2 + 12*n - 31. Let h be x(11). Let z(w) = -13*w - 241. Let y be z(h). Let u = -79 + 117. Calculate the highest common factor of u and y.
19
Suppose g - 2 = -0*b - b, 0 = 3*b + 5*g - 6. Suppose 243 = b*q + 165. What is the highest common factor of q and 351?
39
Let j = -2061 - -2710. What is the highest common factor of 110 and j?
11
Let b = -100 + 106. Suppose 0*k + 4*c - b = -2*k, 0 = -4*c - 20. What is the highest common factor of 208 and k?
13
Let u be (5810/(-280))/(1/(-8)). What is the greatest common factor of u and 830?
166
Let s = 3690 + -3678. Let r be (-2)/(-13) + 714/91. Suppose -r = 3*k - 4*k. What is the greatest common divisor of k and s?
4
Suppose -4*u - 2*x + 44 + 112 = 0, 7*u - x - 237 = 0. What is the highest common divisor of 840 and u?
35
Let c = 5984 + -15. Calculate the greatest common factor of c and 254.
127
Let m be -3*(-42)/(18/20*1). Suppose 7*f = 9*f + m. Let k = f - -82. What is the greatest common divisor of k and 12?
12
Suppose 0 = 3*p + 9 - 21. Let v = -1144 - -1144. Suppose 4*b + z - 50 = -p*z, -2*z - 4 = v. What is the highest common divisor of 30 and b?
15
Let z be 62098/1037 - 2/(-4)*4/17. Calculate the highest common factor of 2865 and z.
15
Let f = 9318 + -9280. Calculate the highest common divisor of f and 3458.
38
Suppose j - 20 = -3*j. Suppose -m - v + 4 = 2*m, 6 = -2*m - j*v. Let z be m/(-12) + (-425)/(-30). Calculate the highest common divisor of 126 and z.
14
Suppose -4*z = 2 - 402. Suppose 0 = -6*p + p + z. Suppose -13*r + 145 - 65 - 28 = 0. What is the highest common factor of r and p?
4
Let s be (-149860)/(-177) - (-2)/6. What is the highest common factor of 154 and s?
77
Let u(w) be the second derivative of 103*w**3/6 - 14*w**2 + 123*w. Let h be u(4). What is the highest common divisor of h and 12?
12
Let v be (-24 - 459)/(3/(-2)). Let j be 4/6 - v/(-21). What is the greatest common factor of j and 6?
2
Suppose -10*v = -9*v + 4*q - 18, -3*q - 4 = -v. Calculate the highest common factor of v and 5120.
10
Suppose t = -29*t + 210. Let v be (-6)/(-3)*35/2. Let f = v + 0. Calculate the greatest common factor of f and t.
7
Suppose -3*n - 4*y + 27 = 0, 6 - 51 = -5*n - 5*y. Suppose 5*j = n + 61. Calculate the greatest common divisor of j and 14.
14
Let d be (90/(-27) - (0 - 2))*-27. Calculate the highest common factor of 981 and d.
9
Suppose 5*y + 4 = 5*i + 14, 3*i + 11 = 4*y. Calculate the highest common factor of y and 5.
5
Let g(p) = -p + 327. Let r be g(-14). What is the greatest common divisor of 124 and r?
31
Let w be (-3)/((-4)/(0 - -8)). Suppose -w*y + 19 = 1. Suppose y*b + v = 25, -12 - 10 = -2*b + 2*v. Calculate the highest common divisor of 99 and b.
9
Let b = 461 - 261. Let v be 24 - 4*8/(-32). What is the greatest common divisor of b and v?
25
Suppose 204 = -156*t + 173*t. Let d = 88 + -55. Suppose -d = -o - 9. Calculate the greatest common factor of t and o.
12
Suppose 1141 = p + 5*u - 10*u, -u - 2228 = -2*p. Calculate the highest common divisor of p and 33.
11
Let s be -10 - -9 - 6/(-4)*12. Let b be s - ((-2 - -2)/(-2) + 1). What is the greatest common factor of 64 and b?
16
Suppose 7*n - 363 + 1175 = 0. Let i = -13 - n. Suppose i - 391 = -6*l. What is the highest common divisor of l and 12?
12
Let p = 1960 + -1868. Calculate the highest common factor of p and 322.
46
Let t be (24/10 - -2)/(7/70). Suppose 52*f = t*f + 368. Calculate the greatest common divisor of f and 322.
46
Suppose -4*v + 122 = -4*l - 22, -5*v + 173 = 2*l. Let t be 552/20 - 6/(-15). What is the greatest common divisor of v and t?
7
Suppose 30*h - 12766 = 4*h. Suppose -8*j + h = -1013. Calculate the highest common divisor of 47 and j.
47
Suppose 15*s - 20*s + 52235 = -g, -4*s + g = -41788. What is the highest common factor of 31 and s?
31
Let u be -24*(2 - 88/16). Suppose k - 14 - 6 = -4*j, -2*k + 3*j + u = 0. Calculate the greatest common divisor of 8 and k.
4
Let i = -124 - -321. Let r = i + -50. Let t be (10/25)/(r/(-75) - -2). What is the highest common factor of t and 15?
5
Let a(d) = -9*d**3 + 23*d**3 + 39*d - 7*d**3 + 140 - 4*d**3 - 4*d**3 + 40*d**2. Let w be a(41). Calculate the greatest common divisor of w and 203.
29
Let a(t) = -24*t + 235. Let p be a(9). Suppose 5*r + s - 28 = 0, -2*s - p = -2*r - 15. What is the greatest common factor of r and 605?
5
Suppose -1745 = -8*f + 3*f. Let h = 430 - f. What is the highest common divisor of h and 1296?
81
Suppose -171*g + 177*g - 18 = 0. Suppose 14 - 2 = g*v. Let k be (-1 + 0)*-1 - -11. Calculate the greatest common divisor of k and v.
4
Suppose -s + 1 = 2*w, 3*s + 6*w - 7 = 4*w. Let b be (-2)/16*s - (-2506)/112. Let t be (109 - 2 - 0) + 3. Calculate the highest common divisor of b and t.
22
Suppose 2*b + 219 = -21*d + 16*d, 483 = -4*b - d. Let t(p) = 21*p + 21. Let j be t(5). Let k = b + j. What is the greatest common factor of k and 4?
4
Let x = 4839 - 2958. Calculate the highest common factor of 297 and x.
99
Let t = -104 + 445. Let r = 350 - t. What is the highest common divisor of r and 126?
9
Let p = 37 - -29. Suppose 0*x - x + p = 0. Suppose 8*w - 25*w + 305 = -443. Calculate the greatest common factor of w and x.
22
Let r be (-14 - -12)*(-6)/4. Suppose r*k = -4 - 11, 2*m - 475 = 5*k. Calculate the greatest common divisor of m and 90.
45
Let b(j) = -3*j + 132. Let c be b(-26). Calculate the greatest common divisor of 8610 and c.
210
Let y = -66 + -16. Let r = y - -175. Suppose -9*p + 8504*q + 247 = 8506*q, -33 = p + 4*q. Calculate the greatest common divisor of r and p.
31
Let j(d) = d**3 + 17*d**2 + 66*d + 180. Let g be j(-12). Let x = 0 - 39. Let k = x + 66. Calculate the highest common factor of k and g.
27
Suppose -114*s + 4526 = -71*s + 19*s. What is the highest common factor of s and 3212?
73
Let r be (21*3)/((40/96)/(15/6)). What is the greatest common factor of r and 414?
18
Let k be (0 - -8)*((-13)/2 - -21). Calculate the highest common divisor of k and 1972.
116
Let g(n) = -16*n**2 - 19*n + 82. Let d be g(6). Let h = d + 1112. What is the greatest common factor of 24 and h?
24
Let y be 3*(336/(-9))/(-4). Let r(g) = 101*g**2 + 248*g - 81. Let d be r(-3). What is the highest common factor of d and y?
28
Let v be 327/36 - 6/72. Let k(n) = n**3 - 2*n - 1. Let d be k(2). Calculate the greatest common divisor of d and v.
3
Let j = -30919 - -30935. Let p(a) = 3*a**3 - 2*a**2 + a - 2. Let k be p(3). Calculate the highest common factor of k and j.
16
Let a(v) = 65 - 8*v + 0*v + 20*v - 4*v. Let i be a(-7). What is the highest common factor of 1 and i?
1
Let w(x) = 734*x - 2600. Let y be w(5). What is the highest common factor of y and 2568?
214
Let w = 202 - 115. Calculate the greatest common factor of 3 and w.
3
Suppose -18*p + 288 = -0*p. Suppose -6*y - 5*j = -5*y - p, 5*y - 20 = 5*j. Calculate the greatest common factor of 32 and y.
2
Suppose -4*i = 8*i + 2328. Let z = i - -239. What is the greatest common divisor of z and 75?
15
Let r = 3392 + -1992. Calculate the greatest common factor of 120 and r.
40
Let r be -6*(1 + -2) - -77*(-42594)/(-217). What is the greatest common factor of r and 216?
216
Suppose -172864 = -17*d - 25*d - 22*d. Calculate the highest common divisor of d and 74.
37
Let r be (-1)/4 - (-121)/4. Let j be (35*3)/((-60)/(-8880)*111). Calculate the highest common divisor of j and r.
10
Suppose -50115 - 17488 = -359*o - 10163. Calculate the highest common divisor of o and 2710.
10
Suppose 7*f - 15686 = f + 1186. Calculate the greatest common factor of f and 38.
38
Let y be (-8)/24*6 + 61 + 0. Let k be y/(5 - 4) - (5 + -2). What is the highest common divisor of 7 and k?
7
Suppose -90 = -3*h - 3*b, 0 = -9*h + 4*h + 3*b + 134. Let z = 560 + h. What is the greatest common divisor of z and 21?
21
Let t(y) = -y**3 - 8*y**2 - 3*y + 15. Let n = -35 + 28. Let r be t(n). Let q = r - -21. Calculate the greatest common divisor of q and 8.
8
Suppose 3243 = 10*c - 47. 